{"version":"1.0","provider_name":"Kockah\u00e1zasok","provider_url":"https:\/\/kockahazasok.cafeblog.hu","author_name":"piciKe","author_url":"https:\/\/kockahazasok.cafeblog.hu\/author\/pcskitti\/","title":"\u00daj tervez\u00e9s, \u00faj sz\u00fcrkes\u00e9gek","html":"<p>Hell\u00f3 Vil\u00e1g! Terveink folytat\u00e1s\u00e1t olvashatj\u00e1tok, v\u00e9gre megint izgalmas dolgok k\u00f6vetkeznek, sz\u00e9p\u00fcl\u00fcnk.<\/p>\r\n<p>Az els\u0151 \u00e9s sz\u00e1momra legfontosabb dolog volt az el\u0151kert - az ablakok alatti ter\u00fclet - \u00e9s a kapu el\u0151tti rendbet\u00e9tele volt. Az \u00f6sszes l\u00e9tez\u0151 vir\u00e1got megpr\u00f3b\u00e1ltam \u00e1tk\u00f6lt\u00f6ztetni az els\u0151 ter\u00fcletre, rem\u00e9lem meg is maradnak :) M\u00e1r ha Sparco nem itt t\u00f6lti a pihen\u0151idej\u00e9t, mint ahogy eddig... P\u00e1r tusk\u00f3b\u00f3l pedig vir\u00e1gtart\u00f3 lett. A z\u00f6ld l\u00e1bazati r\u00e9sz lefest\u00e9s\u00e9vel m\u00e9g mindig v\u00e1runk a jobb id\u0151re...<a href=\"https:\/\/kockahazasok.cafeblog.hu\/files\/2017\/04\/17916604_10208013698332616_633214175_o.jpg\"><img class=\"aligncenter size-large wp-image-1115\" src=\"https:\/\/kockahazasok.cafeblog.hu\/files\/2017\/04\/17916604_10208013698332616_633214175_o-450x600.jpg\" alt=\"\" width=\"450\" height=\"600\" \/><\/a><\/p>\r\n<p><a href=\"https:\/\/kockahazasok.cafeblog.hu\/files\/2017\/04\/17901820_1662721660410942_2002374573_o.jpg\"><img class=\"aligncenter size-large wp-image-1104\" src=\"https:\/\/kockahazasok.cafeblog.hu\/files\/2017\/04\/17901820_1662721660410942_2002374573_o-600x450.jpg\" alt=\"\" width=\"600\" height=\"450\" \/><\/a><\/p>\r\n<p><a href=\"https:\/\/kockahazasok.cafeblog.hu\/files\/2017\/04\/17916422_10208013698692625_89750487_o.jpg\"><img class=\"aligncenter size-large wp-image-1116\" src=\"https:\/\/kockahazasok.cafeblog.hu\/files\/2017\/04\/17916422_10208013698692625_89750487_o-450x600.jpg\" alt=\"\" width=\"450\" height=\"600\" \/><\/a><\/p>\r\n<p>&nbsp;<\/p>\r\n<p>A terasz tervez\u00e9s megt\u00f6rt\u00e9nt, h\u00e1t nem lesz kicsi :) A beton pontos kim\u00e9r\u00e9s\u00e9ig jutottunk, hogy a tet\u0151ket hogy hozzuk szintbe a leend\u0151 gerend\u00e1kkal, az m\u00e9g k\u00e9rd\u00e9ses.<\/p>\r\n<p><a href=\"https:\/\/kockahazasok.cafeblog.hu\/files\/2017\/04\/17858603_1662721013744340_1307448130_o.jpg\"><img class=\"aligncenter size-large wp-image-1105\" src=\"https:\/\/kockahazasok.cafeblog.hu\/files\/2017\/04\/17858603_1662721013744340_1307448130_o-450x600.jpg\" alt=\"\" width=\"450\" height=\"600\" \/><\/a><\/p>\r\n<p>Az \u00e1rny\u00e9kol\u00e1s pergol\u00e1val \u00e9s rajta napvitorl\u00e1val lesz megoldva, semmik\u00e9ppen nem szeretn\u00e9nk z\u00e1rt teraszt, egyed\u00fcl a bej\u00e1rati ajt\u00f3 el\u0151tt lesz egy egyenes, lebeg\u0151 tet\u0151. Ezt \u00f6sszehozni, hogy m\u00e9g a p\u00e1r \u00e9v m\u00falva esed\u00e9kes tet\u0151cser\u00e9vel is \u00f6sszhangban legyen, nem k\u00f6nny\u0171 feladat, de tal\u00e1ltam hozz\u00e1 seg\u00edts\u00e9get ;) Itt egy elnagyolt terv, finom\u00edt\u00e1sok n\u00e9lk\u00fcl, de az a hat\u00e1s, amit szeretn\u00e9nk el\u00e9rni, rem\u00e9lem l\u00e1that\u00f3 :)<\/p>\r\n<p><a href=\"https:\/\/kockahazasok.cafeblog.hu\/files\/2017\/04\/17910734_1665229766826798_1857456125_n.jpg\"><img class=\"aligncenter size-large wp-image-1119\" src=\"https:\/\/kockahazasok.cafeblog.hu\/files\/2017\/04\/17910734_1665229766826798_1857456125_n-600x450.jpg\" alt=\"\" width=\"600\" height=\"450\" \/><\/a><\/p>\r\n<p>&nbsp;<\/p>\r\n<p>Azt\u00e1n bent kis fejt\u00f6r\u00e9st okozott az \u00e1rny\u00e9kol\u00e1s, de a megold\u00e1s \u00e9s a kivitelez\u00e9s is megsz\u00fcletett.<\/p>\r\n<p>Igen, megint Ikea. Na nem az\u00e9rt, mert im\u00e1dom, de \u00e1rban \u00e9s min\u0151s\u00e9gben kis ut\u00e1nan\u00e9z\u00e9s ut\u00e1n is ism\u00e9t \u0151k voltak a legjobbak. Ahogy a d\u00e9lut\u00e1ni nap egyre er\u0151s\u00f6dik, \u00fagy lesz egyre melegebb a konyh\u00e1ban. Ez\u00e9rt a Tuplur nev\u0171, teljesen f\u00e9nyt \u00e1t nem enged\u0151 rol\u00f3ra esett a v\u00e1laszt\u00e1sunk, amit szerencs\u00e9nkre csak sz\u00fcrk\u00e9ben lehet kapni, nem is volt t\u00f6bb k\u00e9rd\u00e9sem.<\/p>\r\n<p><a href=\"https:\/\/kockahazasok.cafeblog.hu\/files\/2017\/04\/17887388_1662721027077672_330640970_o.jpg\"><img class=\"aligncenter size-large wp-image-1106\" src=\"https:\/\/kockahazasok.cafeblog.hu\/files\/2017\/04\/17887388_1662721027077672_330640970_o-450x600.jpg\" alt=\"\" width=\"450\" height=\"600\" \/><\/a><\/p>\r\n<p>M\u00e9g egy v\u00e1ltoz\u00e1s t\u00f6rt\u00e9nt a konyh\u00e1ban, a foganty\u00fat csak sz\u00e1lban lehetett kapni, \u00e9s a fels\u0151 sarokszekr\u00e9nyre a k\u00f6lt\u00f6z\u00e9skor pont nem jutott. \u00cdgy F\u00e9rj v\u00e9gre elment az ER-FA-ba, \u00e9s hazahozott m\u00e9g 3 m\u00e9tert bel\u0151le. Az\u00e9rt van egy-k\u00e9t \u00f6tletem a megmaradt r\u00e9sz felhaszn\u00e1l\u00e1s\u00e1ra :) Mindenesetre fura \u00fagy kinyitni a fels\u0151 szekr\u00e9nyt, hogy az als\u00f3t nem kell t\u00f6bb\u00e9 hozz\u00e1 :D<\/p>\r\n<p><a href=\"https:\/\/kockahazasok.cafeblog.hu\/files\/2017\/04\/17887174_1662721583744283_912788515_o.jpg\"><img class=\"aligncenter size-large wp-image-1107\" src=\"https:\/\/kockahazasok.cafeblog.hu\/files\/2017\/04\/17887174_1662721583744283_912788515_o-600x450.jpg\" alt=\"\" width=\"600\" height=\"450\" \/><\/a><\/p>\r\n<p>M\u00e9g egy kritikus \u00e1rny\u00e9kolni val\u00f3 ter\u00fclet\u00fcnk volt, m\u00e9g pedig a nappaliban l\u00e9v\u0151 fektetett ablakunk. Ami t\u00f6rt\u00e9netesen teljesen visszat\u00fckr\u00f6z\u0151d\u00f6tt a tv-ben. Egy darabig t\u0171rt\u00fck, azt\u00e1n p\u00e1rn\u00e1kkal eltakartuk, majd ide is ugyanaz a sz\u00fcrke rol\u00f3 lett a megold\u00e1s, csak nagyobb m\u00e9retben\u00a0:)<\/p>\r\n<p><a href=\"https:\/\/kockahazasok.cafeblog.hu\/files\/2017\/04\/17902560_1662721123744329_213337226_o.jpg\"><img class=\"aligncenter size-large wp-image-1108\" src=\"https:\/\/kockahazasok.cafeblog.hu\/files\/2017\/04\/17902560_1662721123744329_213337226_o-450x600.jpg\" alt=\"\" width=\"450\" height=\"600\" \/><\/a><\/p>\r\n<p><a href=\"https:\/\/kockahazasok.cafeblog.hu\/files\/2017\/04\/17858715_1662721093744332_2088083139_o.jpg\"><img class=\"aligncenter size-large wp-image-1109\" src=\"https:\/\/kockahazasok.cafeblog.hu\/files\/2017\/04\/17858715_1662721093744332_2088083139_o-600x450.jpg\" alt=\"\" width=\"600\" height=\"450\" \/><\/a><\/p>\r\n<p>A kert-terv is a fel\u00e9hez k\u00f6zel\u00edt, amit ebben a h\u00f3napban el lehetett vetni, azt m\u00e1r el is \u00fcltett\u00fck, ilyen lett a v\u00e9geredm\u00e9ny, a hamarosan m\u00e9g ide ker\u00fcl\u0151 n\u00f6v\u00e9nyek hely\u00e9t m\u00e9g nem tal\u00e1ltam ki sorrendileg, de ezt megalkotom hamarosan :) Els\u0151 sor: r\u00e9pa, feh\u00e9rr\u00e9pa, bors\u00f3, m\u00e1sodik sor teljes eg\u00e9sz\u00e9ben sal\u00e1taf\u00e9l\u00e9k, harmadik sor retek \u00e9s fejes sal\u00e1ta. Jobb fent eper, bal oldalon a ker\u00edt\u00e9s mellett m\u00e1lna lett.<\/p>\r\n<p><a href=\"https:\/\/kockahazasok.cafeblog.hu\/files\/2017\/04\/17917041_10208013699572647_1353828421_o.jpg\"><img class=\"aligncenter size-large wp-image-1111\" src=\"https:\/\/kockahazasok.cafeblog.hu\/files\/2017\/04\/17917041_10208013699572647_1353828421_o-600x450.jpg\" alt=\"\" width=\"600\" height=\"450\" \/><\/a><\/p>\r\n<p>A teraszra megtal\u00e1ltam a legszebb sz\u00fcrke lampionokat, de nem bontottam ki, v\u00e1rom a megfelel\u0151 pillanatot :D<\/p>\r\n<p><a href=\"https:\/\/kockahazasok.cafeblog.hu\/files\/2017\/04\/17948505_10208013699932656_992983500_o.jpg\"><img class=\"aligncenter size-large wp-image-1112\" src=\"https:\/\/kockahazasok.cafeblog.hu\/files\/2017\/04\/17948505_10208013699932656_992983500_o-450x600.jpg\" alt=\"\" width=\"450\" height=\"600\" \/><\/a><\/p>\r\n<p>Azt\u00e1n ism\u00e9t kasp\u00f3t festettem, biztos bennetek is m\u00e9ly nyomot hagyott az el\u0151szob\u00e1ba oda nem ill\u0151 s\u00e1rga kasp\u00f3 l\u00e1tv\u00e1nya, egy zami \u00e1t\u00fcltet\u00e9s ut\u00e1n \u0151 is a m\u00e9lt\u00f3 hely\u00e9re ker\u00fclt :)<\/p>\r\n<p><a href=\"https:\/\/kockahazasok.cafeblog.hu\/files\/2017\/04\/17902885_10208013703732751_2032772231_o.jpg\"><img class=\"aligncenter size-large wp-image-1113\" src=\"https:\/\/kockahazasok.cafeblog.hu\/files\/2017\/04\/17902885_10208013703732751_2032772231_o-450x600.jpg\" alt=\"\" width=\"450\" height=\"600\" \/><\/a><\/p>\r\n<p>J\u00f6v\u0151\u00a0h\u00e9ten pedig \u00fajabb\u00a0H\u00e1zas poszttal jelentkezem! Addig is boldog nyuszit k\u00edv\u00e1nunk minden olvas\u00f3mnak!<\/p>\r\n<p><a href=\"https:\/\/kockahazasok.cafeblog.hu\/files\/2017\/04\/17887492_10208013704092760_1755583356_o.jpg\"><img class=\"aligncenter size-large wp-image-1123\" src=\"https:\/\/kockahazasok.cafeblog.hu\/files\/2017\/04\/17887492_10208013704092760_1755583356_o-450x600.jpg\" alt=\"\" width=\"450\" height=\"600\" \/><\/a><\/p>\r\n<p>Ha szeretn\u00e9tek tov\u00e1bbi k\u00e9peket l\u00e1tni egy-egy bejegyz\u00e9s\u00fcnk k\u00f6z\u00f6tt, l\u00e1jkoljatok \u00e9s k\u00f6vessetek minket Facebookon \u2013 Kockah\u00e1zasok Blog \u2013 \u00a0\u00e9s Instagramon \u2013 Kockahazasok1 \u2013 n\u00e9ven. Tartsatok vel\u00fcnk akkor is!<\/p>","type":"rich","thumbnail_url":"https:\/\/kockahazasok.cafeblog.hu\/files\/2017\/04\/17916604_10208013698332616_633214175_o-150x150.jpg","thumbnail_width":150,"thumbnail_height":150}

Kockaházasok

Új tervezés, új szürkeségek

<p>Helló Világ! Terveink folytatását olvashatjátok, végre megint izgalmas dolgok következnek, szépülünk.</p>
<p>Az első és számomra legfontosabb dolog volt az előkert - az ablakok alatti terület - és a kapu előtti rendbetétele volt. Az összes létező virágot megpróbáltam átköltöztetni az első területre, remélem meg is maradnak :) Már ha Sparco nem itt tölti a pihenőidejét, mint ahogy eddig... Pár tuskóból pedig virágtartó lett. A zöld lábazati rész lefestésével még mindig várunk a jobb időre...<a href="https://kockahazasok.cafeblog.hu/files/2017/04/17916604_10208013698332616_633214175_o.jpg"><img class="aligncenter size-large wp-image-1115" src="https://kockahazasok.cafeblog.hu/files/2017/04/17916604_10208013698332616_633214175_o-450x600.jpg" alt="" width="450" height="600" /></a></p>
<p><a href="https://kockahazasok.cafeblog.hu/files/2017/04/17901820_1662721660410942_2002374573_o.jpg"><img class="aligncenter size-large wp-image-1104" src="https://kockahazasok.cafeblog.hu/files/2017/04/17901820_1662721660410942_2002374573_o-600x450.jpg" alt="" width="600" height="450" /></a></p>
<p><a href="https://kockahazasok.cafeblog.hu/files/2017/04/17916422_10208013698692625_89750487_o.jpg"><img class="aligncenter size-large wp-image-1116" src="https://kockahazasok.cafeblog.hu/files/2017/04/17916422_10208013698692625_89750487_o-450x600.jpg" alt="" width="450" height="600" /></a></p>
<p>&nbsp;</p>
<p>A terasz tervezés megtörtént, hát nem lesz kicsi :) A beton pontos kiméréséig jutottunk, hogy a tetőket hogy hozzuk szintbe a leendő gerendákkal, az még kérdéses.</p>
<p><a href="https://kockahazasok.cafeblog.hu/files/2017/04/17858603_1662721013744340_1307448130_o.jpg"><img class="aligncenter size-large wp-image-1105" src="https://kockahazasok.cafeblog.hu/files/2017/04/17858603_1662721013744340_1307448130_o-450x600.jpg" alt="" width="450" height="600" /></a></p>
<p>Az árnyékolás pergolával és rajta napvitorlával lesz megoldva, semmiképpen nem szeretnénk zárt teraszt, egyedül a bejárati ajtó előtt lesz egy egyenes, lebegő tető. Ezt összehozni, hogy még a pár év múlva esedékes tetőcserével is összhangban legyen, nem könnyű feladat, de találtam hozzá segítséget ;) Itt egy elnagyolt terv, finomítások nélkül, de az a hatás, amit szeretnénk elérni, remélem látható :)</p>
<p><a href="https://kockahazasok.cafeblog.hu/files/2017/04/17910734_1665229766826798_1857456125_n.jpg"><img class="aligncenter size-large wp-image-1119" src="https://kockahazasok.cafeblog.hu/files/2017/04/17910734_1665229766826798_1857456125_n-600x450.jpg" alt="" width="600" height="450" /></a></p>
<p>&nbsp;</p>
<p>Aztán bent kis fejtörést okozott az árnyékolás, de a megoldás és a kivitelezés is megszületett.</p>
<p>Igen, megint Ikea. Na nem azért, mert imádom, de árban és minőségben kis utánanézés után is ismét ők voltak a legjobbak. Ahogy a délutáni nap egyre erősödik, úgy lesz egyre melegebb a konyhában. Ezért a Tuplur nevű, teljesen fényt át nem engedő rolóra esett a választásunk, amit szerencsénkre csak szürkében lehet kapni, nem is volt több kérdésem.</p>
<p><a href="https://kockahazasok.cafeblog.hu/files/2017/04/17887388_1662721027077672_330640970_o.jpg"><img class="aligncenter size-large wp-image-1106" src="https://kockahazasok.cafeblog.hu/files/2017/04/17887388_1662721027077672_330640970_o-450x600.jpg" alt="" width="450" height="600" /></a></p>
<p>Még egy változás történt a konyhában, a fogantyút csak szálban lehetett kapni, és a felső sarokszekrényre a költözéskor pont nem jutott. Így Férj végre elment az ER-FA-ba, és hazahozott még 3 métert belőle. Azért van egy-két ötletem a megmaradt rész felhasználására :) Mindenesetre fura úgy kinyitni a felső szekrényt, hogy az alsót nem kell többé hozzá :D</p>
<p><a href="https://kockahazasok.cafeblog.hu/files/2017/04/17887174_1662721583744283_912788515_o.jpg"><img class="aligncenter size-large wp-image-1107" src="https://kockahazasok.cafeblog.hu/files/2017/04/17887174_1662721583744283_912788515_o-600x450.jpg" alt="" width="600" height="450" /></a></p>
<p>Még egy kritikus árnyékolni való területünk volt, még pedig a nappaliban lévő fektetett ablakunk. Ami történetesen teljesen visszatükröződött a tv-ben. Egy darabig tűrtük, aztán párnákkal eltakartuk, majd ide is ugyanaz a szürke roló lett a megoldás, csak nagyobb méretben :)</p>
<p><a href="https://kockahazasok.cafeblog.hu/files/2017/04/17902560_1662721123744329_213337226_o.jpg"><img class="aligncenter size-large wp-image-1108" src="https://kockahazasok.cafeblog.hu/files/2017/04/17902560_1662721123744329_213337226_o-450x600.jpg" alt="" width="450" height="600" /></a></p>
<p><a href="https://kockahazasok.cafeblog.hu/files/2017/04/17858715_1662721093744332_2088083139_o.jpg"><img class="aligncenter size-large wp-image-1109" src="https://kockahazasok.cafeblog.hu/files/2017/04/17858715_1662721093744332_2088083139_o-600x450.jpg" alt="" width="600" height="450" /></a></p>
<p>A kert-terv is a feléhez közelít, amit ebben a hónapban el lehetett vetni, azt már el is ültettük, ilyen lett a végeredmény, a hamarosan még ide kerülő növények helyét még nem találtam ki sorrendileg, de ezt megalkotom hamarosan :) Első sor: répa, fehérrépa, borsó, második sor teljes egészében salátafélék, harmadik sor retek és fejes saláta. Jobb fent eper, bal oldalon a kerítés mellett málna lett.</p>
<p><a href="https://kockahazasok.cafeblog.hu/files/2017/04/17917041_10208013699572647_1353828421_o.jpg"><img class="aligncenter size-large wp-image-1111" src="https://kockahazasok.cafeblog.hu/files/2017/04/17917041_10208013699572647_1353828421_o-600x450.jpg" alt="" width="600" height="450" /></a></p>
<p>A teraszra megtaláltam a legszebb szürke lampionokat, de nem bontottam ki, várom a megfelelő pillanatot :D</p>
<p><a href="https://kockahazasok.cafeblog.hu/files/2017/04/17948505_10208013699932656_992983500_o.jpg"><img class="aligncenter size-large wp-image-1112" src="https://kockahazasok.cafeblog.hu/files/2017/04/17948505_10208013699932656_992983500_o-450x600.jpg" alt="" width="450" height="600" /></a></p>
<p>Aztán ismét kaspót festettem, biztos bennetek is mély nyomot hagyott az előszobába oda nem illő sárga kaspó látványa, egy zami átültetés után ő is a méltó helyére került :)</p>
<p><a href="https://kockahazasok.cafeblog.hu/files/2017/04/17902885_10208013703732751_2032772231_o.jpg"><img class="aligncenter size-large wp-image-1113" src="https://kockahazasok.cafeblog.hu/files/2017/04/17902885_10208013703732751_2032772231_o-450x600.jpg" alt="" width="450" height="600" /></a></p>
<p>Jövő héten pedig újabb Házas poszttal jelentkezem! Addig is boldog nyuszit kívánunk minden olvasómnak!</p>
<p><a href="https://kockahazasok.cafeblog.hu/files/2017/04/17887492_10208013704092760_1755583356_o.jpg"><img class="aligncenter size-large wp-image-1123" src="https://kockahazasok.cafeblog.hu/files/2017/04/17887492_10208013704092760_1755583356_o-450x600.jpg" alt="" width="450" height="600" /></a></p>
<p>Ha szeretnétek további képeket látni egy-egy bejegyzésünk között, lájkoljatok és kövessetek minket Facebookon – Kockaházasok Blog –  és Instagramon – Kockahazasok1 – néven. Tartsatok velünk akkor is!</p>
